e factors of l?
2
Let c be (-1)/2*0 + 2. Suppose -c*x + 52 = -18. List the prime factors of x.
5, 7
Suppose 2*z + b - 148 = 168, -312 = -2*z - 3*b. Let p = -101 + z. Suppose 5*w - w + 2*o = p, -5*w - 2*o + 75 = 0. List the prime factors of w.
17
Suppose -42 + 213 = 3*d. What are the prime factors of d?
3, 19
Suppose 35 = 5*b + 3*k, -3*k - 2*k = b - 29. Let q = 12 - b. List the prime factors of q.
2
List the prime factors of (-5*8/(-6))/((-3)/(-9)).
2, 5
Let u(t) = t**3 - 4*t**2 - 3*t + 4. Let y = 8 - 3. List the prime factors of u(y).
2, 7
Let y(u) = 4*u - 9. What are the prime factors of y(9)?
3
List the prime factors of 1 + (-4)/(-4) + 77.
79
Suppose l = -v - 5 + 1, 16 = -l + 3*v. Let j(h) = -h - 3. Let z be j(l). List the prime factors of 10/z*24/15.
2
Let l(j) = 12*j**2 - 7*j - 6. List the prime factors of l(5).
7, 37
List the prime factors of (201/2 - (-6)/4) + -3.
3, 11
Let w be (159/2)/((-3)/(-4)). What are the prime factors of (-1)/5 + w/5?
3, 7
Suppose -4*a = -2*b - 3*a + 2, -b - 4 = 2*a. Suppose 4*l - 4 = -b, -2*y + 41 = -l. Let n = y - 15. List the prime factors of n.
2, 3
Suppose -2*t - 27 = t. Suppose 0 = 2*u, -2*h + 4 + 2 = 4*u. Let x = h - t. What are the prime factors of x?
2, 3
Let a be (-10)/45 - 40/(-18). Suppose 4*y + a + 22 = 0. Let n(w) = w**2 + 4*w - 6. What are the prime factors of n(y)?
2, 3
Suppose h + 15 = 5. Let x be 2/8*h*-12. Suppose 2*l = 5*l - x. List the prime factors of l.
2, 5
Let u(l) = 9*l - 7. Let i(c) = -8*c + 6. Let r(p) = -5*i(p) - 4*u(p). What are the prime factors of r(3)?
2, 5
Let q = 5 + 31. List the prime factors of q.
2, 3
Suppose 117 = 3*i - 0*i. What are the prime factors of i?
3, 13
What are the prime factors of 21/(-14) + 122/4?
29
Let m be 70/(-6) + 4/6. Let a be ((-4)/(-5))/(8/(-80)). Let s = a - m. What are the prime factors of s?
3
Suppose 0 = -5*q - 2*x + 119, 3*q + 0*x + 3*x - 75 = 0. Let h = q + -5. List the prime factors of h.
2, 3
Let c = 99 + -34. What are the prime factors of c?
5, 13
Let o be 0/(1/(-1 - -2)). Suppose -3*i - 5*u - 16 = -o*u, u - 7 = -4*i. Suppose j = -4, i*j + 7 = -3*q + 2*q. List the prime factors of q.
5
Suppose -2*w = 4 - 6. Let d = w - -4. List the prime factors of d.
5
List the prime factors of (7 + 1)*1 - 3.
5
Let f = 38 - 9. List the prime factors of f.
29
Let d be 35/(-4) - 2/8. Let x be ((-39)/d)/((-1)/(-12)). Suppose -2*r = -5*v + 7, -v + 6*v = -3*r + x. List the prime factors of r.
3
Suppose -81 = -2*d + 3*j, -3*j - 5 = 4. List the prime factors of d.
2, 3
Let c(f) = -f + 31. Let x(d) = -d**3 - 9*d**2 - 7*d + 8. Let i be x(-8). List the prime factors of c(i).
31
Let j(t) = -2*t - 6. Suppose p - 2*n = 6, 4*n + 8 = -p - 16. Let f be j(p). List the prime factors of 27/6 - 1/f.
2
Suppose b + 3*i - 4 = -i, 2*i = b + 2. Let d(h) = 2*h**2 - h + 19. List the prime factors of d(b).
19
Let y(m) = -7*m**3 - 11*m**2 - 4*m - 7. Let w(x) = -6*x**3 - 10*x**2 - 3*x - 7. Let g(l) = -6*w(l) + 5*y(l). What are the prime factors of g(-5)?
17
Let b = 14 - 18. Let y(k) = -6*k - 10. What are the prime factors of y(b)?
2, 7
Suppose 3*y - 33 - 2 = -a, 2*y = 5*a - 209. What are the prime factors of a?
41
Let b(n) = 2*n**3 - 6*n**2 - 4*n + 1. Let q be b(5). Suppose 5*j + q = 231. What are the prime factors of j?
2, 3, 5
Suppose -4*r - r = -5. Let w = r + -1. Let b(o) = -o + 10. What are the prime factors of b(w)?
2, 5
Suppose -p = -5*u - 82, 442 = 4*p - 2*u + 60. List the prime factors of p.
97
Let b(g) = -g**2 + 8*g + 10. What are the prime factors of b(8)?
2, 5
Suppose -3*j + 0*y + 206 = y, 5*y - 330 = -5*j. Suppose -5*k + 0 = -j. What are the prime factors of k?
2, 7
Suppose -4*z - 2*q = -7*q + 1, -3*z - 15 = q. What are the prime factors of z/(-10) - (-256)/10?
2, 13
Suppose -o - 5 = 0, 4*m + 5*o - 15 = 8. Suppose 4*z - 3*j = 33, -4*z + 0*j + m = 4*j. List the prime factors of z.
2, 3
Let h = 113 - 1. List the prime factors of h.
2, 7
Let r(d) = d. Let h be r(-1). Let a be ((-16)/(-10))/(h/(-5)). Suppose -3*o = -2*o - a. List the prime factors of o.
2
Let m be (-6)/(-30) + 98/10. Let g = -5 + m. What are the prime factors of g?
5
Let v(r) = r**2 - 4*r - 2. Let y be v(4). Let s = y + 0. What are the prime factors of -2*s/(-4)*-11?
11
Let u(w) = w**2 - w - 6. Let o be u(5). Let n = o + -12. What are the prime factors of n?
2
List the prime factors of -7*1/(-7)*15.
3, 5
Let c = -55 + 10. List the prime factors of (6/9)/((-3)/c).
2, 5
List the prime factors of (52/(-6))/((-14)/105).
5, 13
Suppose 4*n = 6*n - 30. Suppose -i + n = -3. List the prime factors of i.
2, 3
Let m(s) = -s**3 + 11*s**2 + 13*s - 11. Let c be m(11). Suppose 5*h - 4*u - 178 = 0, 0 = -4*h + u + c + 6. What are the prime factors of h?
2, 17
Let s(h) = -19*h + 8*h + 10*h + 2. Let o(z) = z - 1. Let p be o(-5). What are the prime factors of s(p)?
2
Suppose j = 3*o + 5, 0 = -5*j + 2*j - 4*o + 2. Suppose j*g - 6 = -0*g. Let c = g - -3. What are the prime factors of c?
2, 3
Suppose 8 = -4*u + 2*j, j - 3*j = -2*u - 8. Suppose u = -5*k + 3*k + 30. What are the prime factors of k?
3, 5
Let h(u) = -u - 6. Let d be h(-7). What are the prime factors of 14/2 - (-3)/d?
2, 5
Let b(u) = u**2 + 4*u - 10. Let j be b(-6). What are the prime factors of ((-228)/(-8)*4)/j?
3, 19
Let o = 208 - 186. List the prime factors of o.
2, 11
Let d = -18 + 11. Let x(k) be the second derivative of k**4/12 + 7*k**3/6 + 4*k**2 + 2*k. List the prime factors of x(d).
2
Let s(m) = m**3 - 7*m**2 + m - 3. Let j be s(7). Let x be (j/8)/(2/4). Suppose 0 = 2*r - 11 - x. What are the prime factors of r?
2, 3
Suppose -4*p - 13 = -5*x + 5, -p = -2*x + 6. Suppose -h + x = -2. What are the prime factors of h?
2
Suppose -5*t - 3*o + 331 = 0, 0 = 3*t - 5*o - 122 - 63. List the prime factors of t.
5, 13
Let a = 8 - 4. Let y = a + 3. List the prime factors of y.
7
Let a(n) = -n**2 - 24*n - 5. List the prime factors of a(-22).
3, 13
Let o(v) = 29*v**2 + 4*v + 2. List the prime factors of o(-1).
3
Let k(h) = h**2 - 4*h + 3. List the prime factors of k(6).
3, 5
Let g be 5 - 4 - -2*1. Suppose -g*q = q - 64. What are the prime factors of q?
2
Suppose 96 + 90 = 2*c + 3*v, 107 = c - 2*v. What are the prime factors of c?
3, 11
Let o = -3 + 25. Let w = -15 + o. What are the prime factors of w?
7
What are the prime factors of (-1)/(1 - 84/82)?
41
Let y(i) = -i + 2. Let u(b) = -9*b + 21. Let o(n) = 2*u(n) - 21*y(n). What are the prime factors of o(1)?
3
What are the prime factors of 3/(3/(-7))*330/(-35)?
2, 3, 11
Suppose -3*o - 391 = -1111. What are the prime factors of o?
2, 3, 5
Let q = 7 - 12. What are the prime factors of (0 - -2) + q + 17?
2, 7
List the prime factors of 9/(-2)*14/(-7)*6.
2, 3
Let z(f) = 2*f**2 + 17*f + 3. Let v(b) = b**2 + 9*b + 1. Let w(u) = -11*v(u) + 6*z(u). Suppose -5*n = -x - x + 25, 5*x - 5 = n. List the prime factors of w(n).
17
Let x(v) = v**3 + 3*v**2 - v. Let g be x(-3). Suppose g*s - 6*s = -45. What are the prime factors of s?
3, 5
Let m = 448 - 229. List the prime factors of m.
3, 73
Suppose k + 5 = 0, 0 = 5*s - 2*k - 0*k - 120. What are the prime factors of s?
2, 11
Let u(h) = -3*h + 3. Let t(i) = -3*i + 4. Let k(f) = 6*t(f) - 5*u(f). List the prime factors of k(-5).
2, 3
Suppose -5*x = -0*w + 5*w + 160, -5*w - 190 = -x. Let r = w + 95. List the prime factors of r.
2, 29
Suppose -f + 4 = 0, -2*l + 8 = f - 14. What are the prime factors of (-220)/(-18) + (-2)/l?
2, 3
Suppose 21 = -0*p + p. What are the prime factors of p?
3, 7
Let t = 71 + -43. What are the prime factors of t?
2, 7
Let a = 17 + -9. Let j = 12 - a. Let v = 7 - j. List the prime factors of v.
3
Let a(y) = 7*y**3 - y**2 + 6*y - 6. List the prime factors of a(3).
2, 3
Let z be (4/5)/(4/20). Let f(o) = o**3 - 3*o**2 - 5*o + 3. Let t be f(4). What are the prime factors of (t + -2 + z)*3?
3
Let x(b) = 2*b**2 - 2*b - 6. Suppose y = -y + 4*j - 6, -3*j + 12 = 0. List the prime factors of x(y).
2, 17
Let w be -5 - -7 - (1 - -3). Let d(o) = o**2 + 2*o + 2. Let a be d(w). Suppose -a*h = -4*h + 20. What are the prime factors of h?
2, 5
Let i be (-2)/5 + 132/(-20). Let j = i - -23. What are the prime factors of j?
2
Let v = 19 + -11. Let n(k) = 2*k - 2. What are the prime factors of n(v)?
2, 7
What are the prime factors of 150*((-7)/(21/12) - -5)?
2, 3, 5
Suppose 11*g - 75 = 6*g. What 